{"id":2391,"date":"2021-03-05T18:32:35","date_gmt":"2021-03-05T17:32:35","guid":{"rendered":"https:\/\/fjallbacka.bokarum.nu\/?page_id=2391"},"modified":"2026-03-17T15:20:21","modified_gmt":"2026-03-17T14:20:21","slug":"villkor","status":"publish","type":"page","link":"https:\/\/fjallbacka.bokarum.nu\/index.php\/home\/villkor\/","title":{"rendered":"villkor"},"content":{"rendered":"<p><\/p>\n\n\n<\/p>\n<p>Fri avbokning intill kl 15.00 dag innan incheckning. Avbokning respektive utebliven ankomst d\u00e4refter debiteras med 1:a nattens kostnad.&nbsp;<\/p>\n<p>\n\n\n<p><\/p>\n\n\n<\/p>\n<p>Incheckning  fr\u00e5n kl 15.00-.&nbsp;<\/p><p>Utcheckning fram till  kl 11.00.<\/p>\n<p>\n\n\n<p><\/p>\n\n\n<\/p>\n<p>Kort debiteras efter kl 15 dag f\u00f6re  ankomstdag, om annat ej \u00f6verenskommet.  Kontrollera att ert kort \u00e4r giltigt ankomstdatum samt att aktuellt belopp \u00e4r tillg\u00e4ngligt<\/p>\n<p>\n\n\n<p><\/p>\n\n\n<\/p>\n<p>Fri bilparkering p\u00e5 g\u00e5rden, en bil\/rum fungerar bra. Men vi<em> garanterar inte<\/em> tillg\u00e5ng utan erbjuds i m\u00e5n om plats. Fri att disponera fram till utcheckning kl 11, ej d\u00e4refter. En parkeringsavgift p\u00e5 300kr debiteras om bil l\u00e4mnas kvar ut\u00f6ver \u00f6verenskommen tid.<\/p>\n<p>\n\n\n<p><\/p>","protected":false},"excerpt":{"rendered":"<p>Fri avbokning intill kl 15.00 dag innan incheckning. Avbokning respektive utebliven ankomst d\u00e4refter debiteras med 1:a nattens kostnad.&nbsp; Incheckning fr\u00e5n kl 15.00-.&nbsp; Utcheckning fram till kl 11.00. Kort debiteras efter kl 15 dag f\u00f6re ankomstdag, om annat ej \u00f6verenskommet. Kontrollera &hellip;<\/p>\n<p class=\"read-more\"> <a class=\"more-link\" href=\"https:\/\/fjallbacka.bokarum.nu\/index.php\/home\/villkor\/\"> <span class=\"screen-reader-text\">villkor<\/span> L\u00e4s mer &raquo;<\/a><\/p>\n","protected":false},"author":1,"featured_media":0,"parent":9,"menu_order":0,"comment_status":"closed","ping_status":"closed","template":"elementor_canvas","meta":[],"_links":{"self":[{"href":"https:\/\/fjallbacka.bokarum.nu\/index.php\/wp-json\/wp\/v2\/pages\/2391"}],"collection":[{"href":"https:\/\/fjallbacka.bokarum.nu\/index.php\/wp-json\/wp\/v2\/pages"}],"about":[{"href":"https:\/\/fjallbacka.bokarum.nu\/index.php\/wp-json\/wp\/v2\/types\/page"}],"author":[{"embeddable":true,"href":"https:\/\/fjallbacka.bokarum.nu\/index.php\/wp-json\/wp\/v2\/users\/1"}],"replies":[{"embeddable":true,"href":"https:\/\/fjallbacka.bokarum.nu\/index.php\/wp-json\/wp\/v2\/comments?post=2391"}],"version-history":[{"count":11,"href":"https:\/\/fjallbacka.bokarum.nu\/index.php\/wp-json\/wp\/v2\/pages\/2391\/revisions"}],"predecessor-version":[{"id":2712,"href":"https:\/\/fjallbacka.bokarum.nu\/index.php\/wp-json\/wp\/v2\/pages\/2391\/revisions\/2712"}],"up":[{"embeddable":true,"href":"https:\/\/fjallbacka.bokarum.nu\/index.php\/wp-json\/wp\/v2\/pages\/9"}],"wp:attachment":[{"href":"https:\/\/fjallbacka.bokarum.nu\/index.php\/wp-json\/wp\/v2\/media?parent=2391"}],"curies":[{"name":"wp","href":"https:\/\/api.w.org\/{rel}","templated":true}]}}